{"id":5079,"date":"2023-09-13T17:21:43","date_gmt":"2023-09-13T15:21:43","guid":{"rendered":"https:\/\/loeilceleste.com\/?page_id=5079"},"modified":"2025-06-26T17:32:19","modified_gmt":"2025-06-26T15:32:19","slug":"lor","status":"publish","type":"page","link":"https:\/\/loeilceleste.com\/?page_id=5079","title":{"rendered":"L&rsquo;Or"},"content":{"rendered":"\t\t<div data-elementor-type=\"wp-page\" data-elementor-id=\"5079\" class=\"elementor elementor-5079\">\n\t\t\t\t\t\t<section class=\"elementor-section elementor-top-section elementor-element elementor-element-2f7ec76 elementor-section-boxed elementor-section-height-default elementor-section-height-default\" data-id=\"2f7ec76\" data-element_type=\"section\">\n\t\t\t\t\t\t<div class=\"elementor-container elementor-column-gap-default\">\n\t\t\t\t\t<div class=\"elementor-column elementor-col-100 elementor-top-column elementor-element elementor-element-da1be8d\" data-id=\"da1be8d\" data-element_type=\"column\">\n\t\t\t<div class=\"elementor-widget-wrap elementor-element-populated\">\n\t\t\t\t\t\t<div class=\"elementor-element elementor-element-5032fdf elementor-widget elementor-widget-image\" data-id=\"5032fdf\" data-element_type=\"widget\" data-widget_type=\"image.default\">\n\t\t\t\t<div class=\"elementor-widget-container\">\n\t\t\t\t\t\t\t\t\t\t\t\t\t\t\t<img fetchpriority=\"high\" decoding=\"async\" width=\"1280\" height=\"800\" src=\"https:\/\/loeilceleste.com\/wp-content\/uploads\/2025\/04\/loel-celeste-boutique-de-mineraux-a-rennes-cristal-pierres-naturelles-3.png\" class=\"attachment-full size-full wp-image-7056\" alt=\"\" srcset=\"https:\/\/loeilceleste.com\/wp-content\/uploads\/2025\/04\/loel-celeste-boutique-de-mineraux-a-rennes-cristal-pierres-naturelles-3.png 1280w, https:\/\/loeilceleste.com\/wp-content\/uploads\/2025\/04\/loel-celeste-boutique-de-mineraux-a-rennes-cristal-pierres-naturelles-3-768x480.png 768w, https:\/\/loeilceleste.com\/wp-content\/uploads\/2025\/04\/loel-celeste-boutique-de-mineraux-a-rennes-cristal-pierres-naturelles-3-96x60.png 96w, https:\/\/loeilceleste.com\/wp-content\/uploads\/2025\/04\/loel-celeste-boutique-de-mineraux-a-rennes-cristal-pierres-naturelles-3-600x375.png 600w\" sizes=\"(max-width: 1280px) 100vw, 1280px\" \/>\t\t\t\t\t\t\t\t\t\t\t\t\t\t\t<\/div>\n\t\t\t\t<\/div>\n\t\t\t\t\t<\/div>\n\t\t<\/div>\n\t\t\t\t\t<\/div>\n\t\t<\/section>\n\t\t\t\t<section class=\"elementor-section elementor-top-section elementor-element elementor-element-e4d2a03 elementor-section-content-middle elementor-section-boxed elementor-section-height-default elementor-section-height-default\" data-id=\"e4d2a03\" data-element_type=\"section\">\n\t\t\t\t\t\t<div class=\"elementor-container elementor-column-gap-no\">\n\t\t\t\t\t<div class=\"elementor-column elementor-col-50 elementor-top-column elementor-element elementor-element-a0d247d elementor-hidden-mobile\" data-id=\"a0d247d\" data-element_type=\"column\">\n\t\t\t<div class=\"elementor-widget-wrap elementor-element-populated\">\n\t\t\t\t\t\t<div class=\"elementor-element elementor-element-d020532 elementor-widget-divider--view-line elementor-widget elementor-widget-divider\" data-id=\"d020532\" data-element_type=\"widget\" data-widget_type=\"divider.default\">\n\t\t\t\t<div class=\"elementor-widget-container\">\n\t\t\t\t\t\t\t<div class=\"elementor-divider\">\n\t\t\t<span class=\"elementor-divider-separator\">\n\t\t\t\t\t\t<\/span>\n\t\t<\/div>\n\t\t\t\t\t\t<\/div>\n\t\t\t\t<\/div>\n\t\t\t\t\t<\/div>\n\t\t<\/div>\n\t\t\t\t<div class=\"elementor-column elementor-col-50 elementor-top-column elementor-element elementor-element-d435034\" data-id=\"d435034\" data-element_type=\"column\">\n\t\t\t<div class=\"elementor-widget-wrap elementor-element-populated\">\n\t\t\t\t\t\t<div class=\"elementor-element elementor-element-58aa5cb elementor-widget elementor-widget-heading\" data-id=\"58aa5cb\" data-element_type=\"widget\" data-widget_type=\"heading.default\">\n\t\t\t\t<div class=\"elementor-widget-container\">\n\t\t\t\t\t<h5 class=\"elementor-heading-title elementor-size-default\">La finesse de l'or<\/h5>\t\t\t\t<\/div>\n\t\t\t\t<\/div>\n\t\t\t\t<div class=\"elementor-element elementor-element-37e2597 elementor-widget elementor-widget-heading\" data-id=\"37e2597\" data-element_type=\"widget\" data-widget_type=\"heading.default\">\n\t\t\t\t<div class=\"elementor-widget-container\">\n\t\t\t\t\t<h4 class=\"elementor-heading-title elementor-size-default\">Confort et style<\/h4>\t\t\t\t<\/div>\n\t\t\t\t<\/div>\n\t\t\t\t<div class=\"elementor-element elementor-element-1beeeee elementor-widget elementor-widget-text-editor\" data-id=\"1beeeee\" data-element_type=\"widget\" data-widget_type=\"text-editor.default\">\n\t\t\t\t<div class=\"elementor-widget-container\">\n\t\t\t\t\t\t\t\t\t<p class=\"cvGsUA direction-ltr align-center para-style-body\"><span class=\"OYPEnA font-feature-liga-off font-feature-clig-off font-feature-calt-off text-decoration-none text-strikethrough-none\">Que vous cherchiez un collier \u00e9l\u00e9gant pour une soir\u00e9e sp\u00e9ciale, des boucles d&rsquo;oreilles discr\u00e8tes pour le quotidien, ou un bracelet tendance pour compl\u00e9ter votre tenue, notre collection de bijoux plaqu\u00e9s or et pierres naturelles a ce qu&rsquo;il vous faut.<\/span><\/p><p class=\"cvGsUA direction-ltr align-center para-style-body\"><span class=\"OYPEnA font-feature-liga-off font-feature-clig-off font-feature-calt-off text-decoration-none text-strikethrough-none\">Chaque pi\u00e8ce est con\u00e7ue avec une attention m\u00e9ticuleuse aux d\u00e9tails, garantissant un confort optimal et un style in\u00e9gal\u00e9.<\/span><\/p>\t\t\t\t\t\t\t\t<\/div>\n\t\t\t\t<\/div>\n\t\t\t\t\t<\/div>\n\t\t<\/div>\n\t\t\t\t\t<\/div>\n\t\t<\/section>\n\t\t\t\t<\/div>\n\t\t","protected":false},"excerpt":{"rendered":"<p>La finesse de l&rsquo;or Confort et style Que vous cherchiez un collier \u00e9l\u00e9gant pour une soir\u00e9e sp\u00e9ciale, des boucles d&rsquo;oreilles discr\u00e8tes pour le quotidien, ou &hellip; <\/p>\n","protected":false},"author":1,"featured_media":0,"parent":0,"menu_order":0,"comment_status":"closed","ping_status":"closed","template":"","meta":{"footnotes":""},"class_list":["post-5079","page","type-page","status-publish","hentry","latest_post"],"_links":{"self":[{"href":"https:\/\/loeilceleste.com\/index.php?rest_route=\/wp\/v2\/pages\/5079","targetHints":{"allow":["GET"]}}],"collection":[{"href":"https:\/\/loeilceleste.com\/index.php?rest_route=\/wp\/v2\/pages"}],"about":[{"href":"https:\/\/loeilceleste.com\/index.php?rest_route=\/wp\/v2\/types\/page"}],"author":[{"embeddable":true,"href":"https:\/\/loeilceleste.com\/index.php?rest_route=\/wp\/v2\/users\/1"}],"replies":[{"embeddable":true,"href":"https:\/\/loeilceleste.com\/index.php?rest_route=%2Fwp%2Fv2%2Fcomments&post=5079"}],"version-history":[{"count":64,"href":"https:\/\/loeilceleste.com\/index.php?rest_route=\/wp\/v2\/pages\/5079\/revisions"}],"predecessor-version":[{"id":7577,"href":"https:\/\/loeilceleste.com\/index.php?rest_route=\/wp\/v2\/pages\/5079\/revisions\/7577"}],"wp:attachment":[{"href":"https:\/\/loeilceleste.com\/index.php?rest_route=%2Fwp%2Fv2%2Fmedia&parent=5079"}],"curies":[{"name":"wp","href":"https:\/\/api.w.org\/{rel}","templated":true}]}}